 is 3133 - -21?
3204
In base 12, what is 3945 + 4?
3949
In base 12, what is 91a - -a?
928
In base 14, what is 5 - -217cc2?
217cc7
In base 11, what is -12 + -510?
-522
In base 13, what is -186aa + 1?
-186a9
In base 15, what is -10e + -bda?
-ce9
In base 8, what is 1 - 100004?
-100003
In base 15, what is -99db - 1?
-99dc
In base 16, what is -9 - 1b7e?
-1b87
In base 13, what is 8 - 3491?
-3486
In base 5, what is -12422 - -11?
-12411
In base 16, what is 23b - -15e1?
181c
In base 9, what is -123 + -180?
-313
In base 4, what is 22131 + -1203030?
-1120233
In base 16, what is 55 + -1384b?
-137f6
In base 3, what is 222010 - 10002?
212001
In base 5, what is -44 - 104310?
-104404
In base 10, what is 86267 - -2?
86269
In base 14, what is 5 - 53839?
-53834
In base 4, what is -13223 + 111020?
31131
In base 2, what is 100000100100110101 - 1001?
100000100100101100
In base 12, what is -2 + -290332?
-290334
In base 8, what is -5 - 3026?
-3033
In base 15, what is -11 - -7d9?
7c8
In base 10, what is -54 - 2894?
-2948
In base 13, what is 31 - -119?
14a
In base 7, what is -111663 + 225?
-111435
In base 10, what is -4 - 3702?
-3706
In base 16, what is 2 - 54c8?
-54c6
In base 12, what is -31b29 - 4?
-31b31
In base 11, what is -13 - 62805?
-62818
In base 16, what is c070 - 12?
c05e
In base 3, what is 211212 - -2?
211221
In base 6, what is 144 - 120?
24
In base 16, what is -792 - 54?
-7e6
In base 14, what is 3b - -1361?
139c
In base 10, what is 189 + 194?
383
In base 5, what is 23142 + -122?
23020
In base 7, what is -11620 - -1102?
-10515
In base 2, what is 101110010000 + -10?
101110001110
In base 8, what is 375 - -344?
741
In base 8, what is -4 - 676456?
-676462
In base 6, what is 1 - -241352?
241353
In base 4, what is -1003 + -1132332?
-1200001
In base 7, what is -45411 + -40?
-45451
In base 14, what is 144728 + 1?
144729
In base 3, what is -1012202021211 + -12?
-1012202022000
In base 10, what is 236132 + -3?
236129
In base 4, what is -2 + 31002332?
31002330
In base 11, what is 15a4 + 10?
1604
In base 16, what is -55 + 6ec?
697
In base 14, what is 3 - -2491dd?
249202
In base 14, what is -8 - -5c6cd?
5c6c5
In base 5, what is -11131344 - -2?
-11131342
In base 10, what is -490 - 1503?
-1993
In base 3, what is -201100 + 20200?
-110200
In base 11, what is -2770 - -66?
-2705
In base 7, what is 3024 + -103?
2621
In base 5, what is 31032322 - -4?
31032331
In base 8, what is 4261 + 114?
4375
In base 4, what is 3 - 333123?
-333120
In base 14, what is -4 - 12b3a?
-12b40
In base 14, what is -5972d - 2?
-59731
In base 16, what is 933c - 2d?
930f
In base 12, what is 4232 - -114?
4346
In base 4, what is -111 + 12110223?
12110112
In base 2, what is -10011 + 1000100010011111?
1000100010001100
In base 8, what is -14 + -13761?
-13775
In base 2, what is 11101 + -100110111011?
-100110011110
In base 6, what is 135022 + -210?
134412
In base 9, what is 34880 - -23?
35013
In base 14, what is 1c - cdc7?
-cda9
In base 11, what is 0 - 30958?
-30958
In base 2, what is 1 + 1000011110111?
1000011111000
In base 9, what is -565 + -388?
-1064
In base 13, what is 1 - -6a68?
6a69
In base 14, what is -342 - 3?
-345
In base 8, what is -4065 + -1420?
-5505
In base 15, what is 12 - 58e5?
-58d3
In base 10, what is -73680 + 1?
-73679
In base 8, what is 5 + -6023047?
-6023042
In base 10, what is -1370 - 0?
-1370
In base 6, what is -11 + 135221?
135210
In base 10, what is 5 + -17118?
-17113
In base 11, what is 596 - -5?
5a0
In base 16, what is 2 + 6eb?
6ed
In base 2, what is 111111001000 - 1110?
111110111010
In base 11, what is 171 - -510?
681
In base 13, what is 19 - 923?
-907
In base 4, what is -2032 - -313313?
311221
In base 11, what is -59299 - -2?
-59297
In base 15, what is -2 - 1e0b?
-1e0d
In base 16, what is -5 - 76368?
-7636d
In base 3, what is 11022110001 + -12?
11022102212
In base 5, what is 111004 - -11?
111020
In base 15, what is -142c - 110?
-153c
In base 16, what is -35c + 19?
-343
In base 14, what is -91308 - 2?
-9130a
In base 2, what is -11 + -10011110011?
-10011110110
In base 8, what is 12565 + -441?
12124
In base 15, what is 49e + 17?
4b6
In base 13, what is 2c1 + -107?
1b7
In base 9, what is 1 - 301635?
-301634
In base 16, what is -513 - -eb?
-428
In base 7, what is -513210 + -5?
-513215
In base 6, what is 4111 - -203?
4314
In base 4, what is 31 - 3301?
-3210
In base 10, what is -28 - -1130?
1102
In base 6, what is 131 - -21325?
21500
In base 6, what is 134333 + -2351?
131542
In base 15, what is -1a93ed - -3?
-1a93ea
In base 13, what is 143 - 4c?
c4
In base 12, what is 6b + 340?
3ab
In base 11, what is 0 + 3577?
3577
In base 7, what is -260 - 5366?
-5656
In base 7, what is -1 + 2026?
2025
In base 12, what is -1409 - -28?
-13a1
In base 8, what is 3004 - -16?
3022
In base 10, what is -136 + 557?
421
In base 6, what is 3353 - 11?
3342
In base 16, what is -219 + -103?
-31c
In base 10, what is -69 - 4139?
-4208
In base 14, what is 46bb - -7?
46c4
In base 5, what is 2120412 - -1321?
2122233
In base 11, what is -101 + 170?
6a
In base 4, what is -231 + -11233?
-12130
In base 13, what is 28105b - 0?
28105b
In base 3, what is -1002011210 - -12?
-1002011121
In base 2, what is -101 + 101101101111?
101101101010
In base 7, what is 226 + -3562?
-3333
In base 16, what is 5 + 472?
477
In base 6, what is -100433 - -24?
-100405
In base 5, what is -3 - -4024013?
4024010
In base 2, what is 110110100 - -110011110?
1101010010
In base 10, what is 2 - 66221?
-66219
In base 14, what is 14 - -6513?
6527
In base 2, what is -11 + -10001000101110101?
-10001000101111000
In base 16, what is c94 - 9?
c8b
In base 3, what is -1212 + -11001121?
-11010110
In base 12, what is -3 - 29b09?
-29b10
In base 15, what is 7c1 + -57?
769
In base 12, what is 0 - 58000?
-58000
In base 2, what is -1111001000 + 100110100?
-1010010100
In base 6, what is 31520 - -1?
31521
In base 4, what is -2310 + -220100?
-223010
In base 14, what is 2 + 1420?
1422
In base 6, what is 443 + -2351?
-1504
In base 3, what is 12000 + 1002202?
1021202
In base 9, what is 12 + 188455?
188467
In base 14, what is -41 - 14a52?
-14a93
In base 2, what is 1101100 + -11010010111011?
-11010001001111
In base 4, what is 311 + 2013?
2330
In base 5, what is -42000 + 12?
-41433
In base 6, what is 4 - -314245?
314253
In base 11, what is -6587a3 - 5?
-6587a8
In base 11, what is -46372 - -1a?
-46353
In base 11, what is -189 - 240?
-419
In base 3, what is -11020112020 - 10?
-11020112100
In base 8, what is 4 + -764?
-760
In base 2, what is -10100101000011011 + 1001?
-10100101000010010
In base 13, what is -2 + -25a6a?
-25a6c
In base 2, what is -10 + 110000000100?
110000000010
In base 13, what is 11641 + -1?
11640
In base 14, what is d + 3a?
49
In base 4, what is -132112210 - -110?
-132112100
In base 3, what is 0 + -10010012122?
-10010012122
In base 7, what is -1 + 4463235?
4463234
In base 16, what is 311 - 61?
2b0
In base 5, what is -2023130 + -114?
-2023244
In base 12, what is 42a7 - 5?
42a2
In base 12, what is -10 - -b95?
b85
In base 2, what is -1001100 - 1000010110?
-1001100010
In base 15, what is -5 + 81e16?
81e11
In base 3, what is -221112 - 1021?
-222210
In base 10, what is -26295 + -1?
-26296
In base 13, what is -52727 + -2?
-52729
In base 11, what is -26 + -219?
-244
In base 14, what is -4b1 + -1?
-4b2
In base 8, what is -162204 + -5?
-162211
In base 2, what is -100 - -101100100001111?
101100100001011
In base 11, what is 2 - -488666?
488668
In base 10, what is 67017 + 0?
67017
In base 3, what is 1211 + 100210?
102121
In base 9, what is 1 + 54302?
54303
In base 4, what is -1 - 1001201231?
-1001201232
In base 14, what is 2 - 31943?
-31941
In base 3, what is -1020 - -220221110?
220220020
In base 11, what is -21a + 616?
3a7
In base 10, what is 4224 - 6?
4218
In base 7, what is 4 + 14231?
14235
In base 8, what is -14 - 32272?
-32306
In base 8, what is -16605 + 31?
-16554
In base 10, what is -6710 + -115?
-6825
In base 6, what is -300311 + -3?
-300314
In base 15, what is -11 - -77a8?
7797
In base 14, what is 49c2 + 5?
49c7
In base 7, what is -1612240 + 1?
-1612236
In base 5, what is 20444 + -24440?
-3441
In base 12, what is -8 - -6734?
6728
In base 16, what is 9 - -212ed?
212f6
In base 5, what is -10010030 + -3?
-10010033
In base 15, what is -e7c + 2a?
-e52
In base 4, what is -10